{"id":50,"date":"2015-09-03T09:37:29","date_gmt":"2015-09-03T09:37:29","guid":{"rendered":"http:\/\/institut-nomade.org\/wordpress\/?page_id=50"},"modified":"2015-09-03T09:41:47","modified_gmt":"2015-09-03T09:41:47","slug":"leffet-de-serge-spectacle-le-havre","status":"publish","type":"page","link":"http:\/\/institut-nomade.org\/wordpress\/?page_id=50","title":{"rendered":"L&rsquo;effet de Serge (spectacle), Le Havre"},"content":{"rendered":"<p><span class=\"ContentBox\"><strong>L&rsquo;effet de Serge de Phillippe Quesne, ou comment r\u00e9-interroger l&rsquo;acte de cr\u00e9ation<br \/>\n<\/strong><br \/>\nSerge cr\u00e9e des mini spectacles de une \u00e0 deux minutes devant des connaissances qu&rsquo;il invite chez lui. Avant le spectacle, et comme de bien entendu, il offre jus d&rsquo;orange, eau ou verre de vin rouge. Puis il installe chaises ou coussins l\u00e0 o\u00f9 il pense \u00eatre le bon angle pour voir au mieux ses propositions. Il fabrique ce parcours en prenant le temps. En profitant de ce moment o\u00f9, bient\u00f4t, il basculera dans une importance. Car il s&rsquo;agit bien ici d&rsquo;intensit\u00e9. Ces petits spectacles, \u00e0 priori d\u00e9risoires (jeux de lumi\u00e8re des phares d&rsquo;une voiture dans la fum\u00e9e sur de la musique classique, ronde d&rsquo;un carton pos\u00e9 sur une voiture t\u00e9l\u00e9command\u00e9e autour du public &#8230; ) ne sont pas des \u00e9v\u00e9nements en soi mais le deviennent via le quotidien de Serge, envelopp\u00e9 de solitude. A moins que cela ne soit l&rsquo;inverse : que Serge enveloppe son quotidien de solitude.<\/span><\/p>\n<p>Lorsque son public s&rsquo;en va, il joue, seul, au ping-pong. Comme une sorte d&rsquo;\u00e9chauffement avant le spectacle, il s&rsquo;entraine \u00e0 donner. Il ne peut faire que des services. Il ne peut que tenter des choses. R\u00e9essayer encore et toujours le service, un premier geste \u00e0 parfaire, \u00e0 r\u00e9-exploiter. Rien ne revient \u00e0 lui, il donne Serge, il donne balle de ping-pong comme il donne ses petits spectacles. Sans autre pens\u00e9e que de cr\u00e9er le geste. Ultime mouvement du cr\u00e9ateur.<\/p>\n<p><a href=\"http:\/\/institut-nomade.org\/wordpress\/wp-content\/uploads\/2015\/09\/dessin-plateau-effet-de-serge-402ca71d.jpg\"><img loading=\"lazy\" class=\"alignnone size-medium wp-image-53\" src=\"http:\/\/institut-nomade.org\/wordpress\/wp-content\/uploads\/2015\/09\/dessin-plateau-effet-de-serge-402ca71d-300x213.jpg\" alt=\"dessin plateau effet de serge-402ca71d\" width=\"300\" height=\"213\" srcset=\"http:\/\/institut-nomade.org\/wordpress\/wp-content\/uploads\/2015\/09\/dessin-plateau-effet-de-serge-402ca71d-300x213.jpg 300w, http:\/\/institut-nomade.org\/wordpress\/wp-content\/uploads\/2015\/09\/dessin-plateau-effet-de-serge-402ca71d-422x300.jpg 422w, http:\/\/institut-nomade.org\/wordpress\/wp-content\/uploads\/2015\/09\/dessin-plateau-effet-de-serge-402ca71d.jpg 661w\" sizes=\"(max-width: 300px) 100vw, 300px\" \/><\/a><\/p>\n","protected":false},"excerpt":{"rendered":"<p>L&rsquo;effet de Serge de Phillippe Quesne, ou comment r\u00e9-interroger l&rsquo;acte de cr\u00e9ation Serge cr\u00e9e des mini spectacles de une \u00e0 deux minutes devant des connaissances qu&rsquo;il invite chez lui. Avant le spectacle, et comme de bien entendu, il offre jus &hellip; <a href=\"http:\/\/institut-nomade.org\/wordpress\/?page_id=50\">Continuer la lecture <span class=\"meta-nav\">&rarr;<\/span><\/a><\/p>\n","protected":false},"author":1,"featured_media":0,"parent":2,"menu_order":0,"comment_status":"closed","ping_status":"closed","template":"","meta":[],"_links":{"self":[{"href":"http:\/\/institut-nomade.org\/wordpress\/index.php?rest_route=\/wp\/v2\/pages\/50"}],"collection":[{"href":"http:\/\/institut-nomade.org\/wordpress\/index.php?rest_route=\/wp\/v2\/pages"}],"about":[{"href":"http:\/\/institut-nomade.org\/wordpress\/index.php?rest_route=\/wp\/v2\/types\/page"}],"author":[{"embeddable":true,"href":"http:\/\/institut-nomade.org\/wordpress\/index.php?rest_route=\/wp\/v2\/users\/1"}],"replies":[{"embeddable":true,"href":"http:\/\/institut-nomade.org\/wordpress\/index.php?rest_route=%2Fwp%2Fv2%2Fcomments&post=50"}],"version-history":[{"count":5,"href":"http:\/\/institut-nomade.org\/wordpress\/index.php?rest_route=\/wp\/v2\/pages\/50\/revisions"}],"predecessor-version":[{"id":56,"href":"http:\/\/institut-nomade.org\/wordpress\/index.php?rest_route=\/wp\/v2\/pages\/50\/revisions\/56"}],"up":[{"embeddable":true,"href":"http:\/\/institut-nomade.org\/wordpress\/index.php?rest_route=\/wp\/v2\/pages\/2"}],"wp:attachment":[{"href":"http:\/\/institut-nomade.org\/wordpress\/index.php?rest_route=%2Fwp%2Fv2%2Fmedia&parent=50"}],"curies":[{"name":"wp","href":"https:\/\/api.w.org\/{rel}","templated":true}]}}