{"id":13,"date":"2021-11-11T12:37:41","date_gmt":"2021-11-11T11:37:41","guid":{"rendered":"https:\/\/institut-nomade.org\/rhizomes-radio\/?page_id=13"},"modified":"2024-11-28T15:08:36","modified_gmt":"2024-11-28T14:08:36","slug":"a-propos-de","status":"publish","type":"page","link":"https:\/\/institut-nomade.org\/rhizomes-radio\/a-propos-de\/","title":{"rendered":"\u00c0 propos"},"content":{"rendered":"\n<p>\u00c9missions dirig\u00e9es, r\u00e9alis\u00e9es &amp; produites par : Alexandre Le Petit, Flora Pilet, Luc Brou, St\u00e9phanie Brault, Yohan Allex, Sophie Qu\u00e9non, Alexandre Seranno, Annais Dumaine, Clo\u00e9 Tralci, Ludovic Coquet (\u2026)<\/p>\n\n\n\n<p><em>En direct tous les derniers mardi du mois sur RADIO 666 &amp; en streaming<\/em><\/p>\n\n\n\n<p><a href=\"https:\/\/www.radio666.com\/\">https:\/\/www.radio666.com\/<\/a><\/p>\n","protected":false},"excerpt":{"rendered":"<p>\u00c9missions dirig\u00e9es, r\u00e9alis\u00e9es &amp; produites par : Alexandre Le Petit, Flora Pilet, Luc Brou, St\u00e9phanie Brault, Yohan Allex, Sophie Qu\u00e9non, Alexandre Seranno, Annais Dumaine, Clo\u00e9 Tralci, Ludovic Coquet (\u2026) En direct tous les derniers mardi du mois sur RADIO 666 &amp; en streaming https:\/\/www.radio666.com\/<\/p>\n","protected":false},"author":1,"featured_media":0,"parent":0,"menu_order":0,"comment_status":"closed","ping_status":"closed","template":"template-fullwidth.php","meta":{"footnotes":""},"class_list":["post-13","page","type-page","status-publish","hentry"],"_links":{"self":[{"href":"https:\/\/institut-nomade.org\/rhizomes-radio\/wp-json\/wp\/v2\/pages\/13","targetHints":{"allow":["GET"]}}],"collection":[{"href":"https:\/\/institut-nomade.org\/rhizomes-radio\/wp-json\/wp\/v2\/pages"}],"about":[{"href":"https:\/\/institut-nomade.org\/rhizomes-radio\/wp-json\/wp\/v2\/types\/page"}],"author":[{"embeddable":true,"href":"https:\/\/institut-nomade.org\/rhizomes-radio\/wp-json\/wp\/v2\/users\/1"}],"replies":[{"embeddable":true,"href":"https:\/\/institut-nomade.org\/rhizomes-radio\/wp-json\/wp\/v2\/comments?post=13"}],"version-history":[{"count":6,"href":"https:\/\/institut-nomade.org\/rhizomes-radio\/wp-json\/wp\/v2\/pages\/13\/revisions"}],"predecessor-version":[{"id":137,"href":"https:\/\/institut-nomade.org\/rhizomes-radio\/wp-json\/wp\/v2\/pages\/13\/revisions\/137"}],"wp:attachment":[{"href":"https:\/\/institut-nomade.org\/rhizomes-radio\/wp-json\/wp\/v2\/media?parent=13"}],"curies":[{"name":"wp","href":"https:\/\/api.w.org\/{rel}","templated":true}]}}